{"id":388,"date":"2014-12-19T14:56:21","date_gmt":"2014-12-19T12:56:21","guid":{"rendered":"http:\/\/www.happydaystory.com\/?page_id=388"},"modified":"2014-12-19T15:33:24","modified_gmt":"2014-12-19T13:33:24","slug":"cekimler-hakkinda","status":"publish","type":"page","link":"https:\/\/www.happydaystory.com\/?page_id=388","title":{"rendered":"\u00c7ekimler Hakk\u0131nda"},"content":{"rendered":"<p>\u00c7EK\u0130MLER HAKKINDA<\/p>\n","protected":false},"excerpt":{"rendered":"<p>\u00c7EK\u0130MLER HAKKINDA<\/p>\n","protected":false},"author":1,"featured_media":0,"parent":0,"menu_order":0,"comment_status":"open","ping_status":"open","template":"","meta":[],"aioseo_notices":[],"_links":{"self":[{"href":"https:\/\/www.happydaystory.com\/index.php?rest_route=\/wp\/v2\/pages\/388"}],"collection":[{"href":"https:\/\/www.happydaystory.com\/index.php?rest_route=\/wp\/v2\/pages"}],"about":[{"href":"https:\/\/www.happydaystory.com\/index.php?rest_route=\/wp\/v2\/types\/page"}],"author":[{"embeddable":true,"href":"https:\/\/www.happydaystory.com\/index.php?rest_route=\/wp\/v2\/users\/1"}],"replies":[{"embeddable":true,"href":"https:\/\/www.happydaystory.com\/index.php?rest_route=%2Fwp%2Fv2%2Fcomments&post=388"}],"version-history":[{"count":4,"href":"https:\/\/www.happydaystory.com\/index.php?rest_route=\/wp\/v2\/pages\/388\/revisions"}],"predecessor-version":[{"id":399,"href":"https:\/\/www.happydaystory.com\/index.php?rest_route=\/wp\/v2\/pages\/388\/revisions\/399"}],"wp:attachment":[{"href":"https:\/\/www.happydaystory.com\/index.php?rest_route=%2Fwp%2Fv2%2Fmedia&parent=388"}],"curies":[{"name":"wp","href":"https:\/\/api.w.org\/{rel}","templated":true}]}}